{"id":55,"date":"2025-03-28T11:36:23","date_gmt":"2025-03-28T10:36:23","guid":{"rendered":"https:\/\/pifs.com.tn\/?page_id=55"},"modified":"2025-03-28T17:50:58","modified_gmt":"2025-03-28T16:50:58","slug":"camera-de-surveillance-et-securite","status":"publish","type":"page","link":"https:\/\/pifs.com.tn\/index.php\/camera-de-surveillance-et-securite\/","title":{"rendered":"Cam\u00e9ra de Surveillance et S\u00e9curit\u00e9"},"content":{"rendered":"\n<p><\/p>\n\n\n\n<ul class=\"wp-block-list\">\n<li>Installation de syst\u00e8mes de vid\u00e9osurveillance (IP, analogique)<\/li>\n\n\n\n<li>Configuration et maintenance des cam\u00e9ras<\/li>\n\n\n\n<li>Solutions de surveillance \u00e0 distance via smartphone et PC<\/li>\n\n\n\n<li>Int\u00e9gration avec les syst\u00e8mes d\u2019alarme et contr\u00f4le d\u2019acc\u00e8s<\/li>\n<\/ul>\n","protected":false},"excerpt":{"rendered":"","protected":false},"author":1,"featured_media":0,"parent":0,"menu_order":0,"comment_status":"closed","ping_status":"closed","template":"","meta":{"footnotes":""},"class_list":["post-55","page","type-page","status-publish","hentry"],"_links":{"self":[{"href":"https:\/\/pifs.com.tn\/index.php\/wp-json\/wp\/v2\/pages\/55","targetHints":{"allow":["GET"]}}],"collection":[{"href":"https:\/\/pifs.com.tn\/index.php\/wp-json\/wp\/v2\/pages"}],"about":[{"href":"https:\/\/pifs.com.tn\/index.php\/wp-json\/wp\/v2\/types\/page"}],"author":[{"embeddable":true,"href":"https:\/\/pifs.com.tn\/index.php\/wp-json\/wp\/v2\/users\/1"}],"replies":[{"embeddable":true,"href":"https:\/\/pifs.com.tn\/index.php\/wp-json\/wp\/v2\/comments?post=55"}],"version-history":[{"count":2,"href":"https:\/\/pifs.com.tn\/index.php\/wp-json\/wp\/v2\/pages\/55\/revisions"}],"predecessor-version":[{"id":69,"href":"https:\/\/pifs.com.tn\/index.php\/wp-json\/wp\/v2\/pages\/55\/revisions\/69"}],"wp:attachment":[{"href":"https:\/\/pifs.com.tn\/index.php\/wp-json\/wp\/v2\/media?parent=55"}],"curies":[{"name":"wp","href":"https:\/\/api.w.org\/{rel}","templated":true}]}}